{"id":388,"date":"2021-12-08T13:18:30","date_gmt":"2021-12-08T13:18:30","guid":{"rendered":"http:\/\/www.rotaryeclub4652.org.br\/site\/?page_id=388"},"modified":"2022-03-16T16:16:50","modified_gmt":"2022-03-16T16:16:50","slug":"projeto-doacoes-para-ala-sus","status":"publish","type":"page","link":"https:\/\/www.rotaryeclub4652.org.br\/site\/projeto-doacoes-para-ala-sus\/","title":{"rendered":"Projeto  Doa\u00e7\u00f5es para Ala SUS"},"content":{"rendered":"\n<p>Os associados do ROTARY E-CLUB DO DISTRITO 4652 doaram lixeiras para serem usadas na ala SUS do Hospital S\u00e3o Jos\u00e9 de Jaragu\u00e1 do Sul.<br>Acreditamos que \u00e9 preciso estar atentos a detalhes onde existem atendimentos pelo SUS, porque ali, dada a alta demanda de atendimentos, tamb\u00e9m h\u00e1 muitas formas de ajudar.<\/p>\n\n\n\n<p><\/p>\n\n\n\n<figure class=\"wp-block-gallery columns-3 is-cropped\"><ul class=\"blocks-gallery-grid\"><li class=\"blocks-gallery-item\"><figure><img loading=\"lazy\" width=\"768\" height=\"1024\" src=\"http:\/\/www.rotaryeclub4652.org.br\/site\/wp-content\/uploads\/2021\/12\/lixeira-2-768x1024.jpg\" alt=\"\" data-id=\"390\" data-link=\"http:\/\/www.rotaryeclub4652.org.br\/site\/?attachment_id=390\" class=\"wp-image-390\" srcset=\"https:\/\/www.rotaryeclub4652.org.br\/site\/wp-content\/uploads\/2021\/12\/lixeira-2-768x1024.jpg 768w, https:\/\/www.rotaryeclub4652.org.br\/site\/wp-content\/uploads\/2021\/12\/lixeira-2-225x300.jpg 225w, https:\/\/www.rotaryeclub4652.org.br\/site\/wp-content\/uploads\/2021\/12\/lixeira-2-1152x1536.jpg 1152w, https:\/\/www.rotaryeclub4652.org.br\/site\/wp-content\/uploads\/2021\/12\/lixeira-2.jpg 1200w\" sizes=\"(max-width: 768px) 100vw, 768px\" \/><\/figure><\/li><li class=\"blocks-gallery-item\"><figure><img loading=\"lazy\" width=\"1024\" height=\"768\" src=\"http:\/\/www.rotaryeclub4652.org.br\/site\/wp-content\/uploads\/2021\/12\/lixeira-1-1024x768.jpg\" alt=\"\" data-id=\"389\" data-link=\"http:\/\/www.rotaryeclub4652.org.br\/site\/?attachment_id=389\" class=\"wp-image-389\" srcset=\"https:\/\/www.rotaryeclub4652.org.br\/site\/wp-content\/uploads\/2021\/12\/lixeira-1-1024x768.jpg 1024w, https:\/\/www.rotaryeclub4652.org.br\/site\/wp-content\/uploads\/2021\/12\/lixeira-1-300x225.jpg 300w, https:\/\/www.rotaryeclub4652.org.br\/site\/wp-content\/uploads\/2021\/12\/lixeira-1-768x576.jpg 768w, https:\/\/www.rotaryeclub4652.org.br\/site\/wp-content\/uploads\/2021\/12\/lixeira-1-1536x1152.jpg 1536w, https:\/\/www.rotaryeclub4652.org.br\/site\/wp-content\/uploads\/2021\/12\/lixeira-1.jpg 1600w\" sizes=\"(max-width: 1024px) 100vw, 1024px\" \/><\/figure><\/li><li class=\"blocks-gallery-item\"><figure><img loading=\"lazy\" width=\"768\" height=\"1024\" src=\"http:\/\/www.rotaryeclub4652.org.br\/site\/wp-content\/uploads\/2021\/12\/lixeira-3-768x1024.jpg\" alt=\"\" data-id=\"391\" data-full-url=\"http:\/\/www.rotaryeclub4652.org.br\/site\/wp-content\/uploads\/2021\/12\/lixeira-3.jpg\" data-link=\"http:\/\/www.rotaryeclub4652.org.br\/site\/?attachment_id=391\" class=\"wp-image-391\" srcset=\"https:\/\/www.rotaryeclub4652.org.br\/site\/wp-content\/uploads\/2021\/12\/lixeira-3-768x1024.jpg 768w, https:\/\/www.rotaryeclub4652.org.br\/site\/wp-content\/uploads\/2021\/12\/lixeira-3-225x300.jpg 225w, https:\/\/www.rotaryeclub4652.org.br\/site\/wp-content\/uploads\/2021\/12\/lixeira-3-1152x1536.jpg 1152w, https:\/\/www.rotaryeclub4652.org.br\/site\/wp-content\/uploads\/2021\/12\/lixeira-3.jpg 1200w\" sizes=\"(max-width: 768px) 100vw, 768px\" \/><\/figure><\/li><\/ul><\/figure>\n\n\n\n<p><\/p>\n","protected":false},"excerpt":{"rendered":"<p>Os associados do ROTARY E-CLUB DO DISTRITO 4652 doaram lixeiras para serem usadas na ala SUS do Hospital S\u00e3o Jos\u00e9<\/p>\n","protected":false},"author":1,"featured_media":0,"parent":0,"menu_order":0,"comment_status":"closed","ping_status":"closed","template":"","meta":[],"_links":{"self":[{"href":"https:\/\/www.rotaryeclub4652.org.br\/site\/wp-json\/wp\/v2\/pages\/388"}],"collection":[{"href":"https:\/\/www.rotaryeclub4652.org.br\/site\/wp-json\/wp\/v2\/pages"}],"about":[{"href":"https:\/\/www.rotaryeclub4652.org.br\/site\/wp-json\/wp\/v2\/types\/page"}],"author":[{"embeddable":true,"href":"https:\/\/www.rotaryeclub4652.org.br\/site\/wp-json\/wp\/v2\/users\/1"}],"replies":[{"embeddable":true,"href":"https:\/\/www.rotaryeclub4652.org.br\/site\/wp-json\/wp\/v2\/comments?post=388"}],"version-history":[{"count":6,"href":"https:\/\/www.rotaryeclub4652.org.br\/site\/wp-json\/wp\/v2\/pages\/388\/revisions"}],"predecessor-version":[{"id":413,"href":"https:\/\/www.rotaryeclub4652.org.br\/site\/wp-json\/wp\/v2\/pages\/388\/revisions\/413"}],"wp:attachment":[{"href":"https:\/\/www.rotaryeclub4652.org.br\/site\/wp-json\/wp\/v2\/media?parent=388"}],"curies":[{"name":"wp","href":"https:\/\/api.w.org\/{rel}","templated":true}]}}