{"id":455,"date":"2022-06-25T11:50:14","date_gmt":"2022-06-25T11:50:14","guid":{"rendered":"http:\/\/www.rotaryeclub4652.org.br\/site\/?page_id=455"},"modified":"2022-06-25T11:52:00","modified_gmt":"2022-06-25T11:52:00","slug":"doacao-maquina-de-lavar-a-casa-de-repouso-menino-jesus","status":"publish","type":"page","link":"https:\/\/www.rotaryeclub4652.org.br\/site\/doacao-maquina-de-lavar-a-casa-de-repouso-menino-jesus\/","title":{"rendered":"Doa\u00e7\u00e3o M\u00e1quina de Lavar \u00e0 Casa de Repouso Menino Jesus"},"content":{"rendered":"\n<p>Visando atender a demanda de trabalho na limpeza das roupas da Casa de Repouso, foi doada uma m\u00e1quina de lavar de 17 quilos. Esta m\u00e1quina facilitar\u00e1 o trabalho dos profissionais da Casa.<\/p>\n\n\n\n<figure class=\"wp-block-image size-large is-resized\"><img loading=\"lazy\" src=\"http:\/\/www.rotaryeclub4652.org.br\/site\/wp-content\/uploads\/2022\/06\/WhatsApp-Image-2022-06-24-at-17.18.09-761x1024.jpeg\" alt=\"\" class=\"wp-image-456\" width=\"503\" height=\"676\" srcset=\"https:\/\/www.rotaryeclub4652.org.br\/site\/wp-content\/uploads\/2022\/06\/WhatsApp-Image-2022-06-24-at-17.18.09-761x1024.jpeg 761w, https:\/\/www.rotaryeclub4652.org.br\/site\/wp-content\/uploads\/2022\/06\/WhatsApp-Image-2022-06-24-at-17.18.09-223x300.jpeg 223w, https:\/\/www.rotaryeclub4652.org.br\/site\/wp-content\/uploads\/2022\/06\/WhatsApp-Image-2022-06-24-at-17.18.09-768x1034.jpeg 768w, https:\/\/www.rotaryeclub4652.org.br\/site\/wp-content\/uploads\/2022\/06\/WhatsApp-Image-2022-06-24-at-17.18.09.jpeg 951w\" sizes=\"(max-width: 503px) 100vw, 503px\" \/><\/figure>\n\n\n\n<figure class=\"wp-block-image size-large is-resized\"><img loading=\"lazy\" src=\"http:\/\/www.rotaryeclub4652.org.br\/site\/wp-content\/uploads\/2022\/06\/WhatsApp-Image-2022-06-24-at-17.18.35-1024x768.jpeg\" alt=\"\" class=\"wp-image-457\" width=\"511\" height=\"383\" srcset=\"https:\/\/www.rotaryeclub4652.org.br\/site\/wp-content\/uploads\/2022\/06\/WhatsApp-Image-2022-06-24-at-17.18.35-1024x768.jpeg 1024w, https:\/\/www.rotaryeclub4652.org.br\/site\/wp-content\/uploads\/2022\/06\/WhatsApp-Image-2022-06-24-at-17.18.35-300x225.jpeg 300w, https:\/\/www.rotaryeclub4652.org.br\/site\/wp-content\/uploads\/2022\/06\/WhatsApp-Image-2022-06-24-at-17.18.35-768x576.jpeg 768w, https:\/\/www.rotaryeclub4652.org.br\/site\/wp-content\/uploads\/2022\/06\/WhatsApp-Image-2022-06-24-at-17.18.35.jpeg 1280w\" sizes=\"(max-width: 511px) 100vw, 511px\" \/><\/figure>\n","protected":false},"excerpt":{"rendered":"<p>Visando atender a demanda de trabalho na limpeza das roupas da Casa de Repouso, foi doada uma m\u00e1quina de lavar<\/p>\n","protected":false},"author":1,"featured_media":0,"parent":0,"menu_order":0,"comment_status":"closed","ping_status":"closed","template":"","meta":[],"_links":{"self":[{"href":"https:\/\/www.rotaryeclub4652.org.br\/site\/wp-json\/wp\/v2\/pages\/455"}],"collection":[{"href":"https:\/\/www.rotaryeclub4652.org.br\/site\/wp-json\/wp\/v2\/pages"}],"about":[{"href":"https:\/\/www.rotaryeclub4652.org.br\/site\/wp-json\/wp\/v2\/types\/page"}],"author":[{"embeddable":true,"href":"https:\/\/www.rotaryeclub4652.org.br\/site\/wp-json\/wp\/v2\/users\/1"}],"replies":[{"embeddable":true,"href":"https:\/\/www.rotaryeclub4652.org.br\/site\/wp-json\/wp\/v2\/comments?post=455"}],"version-history":[{"count":2,"href":"https:\/\/www.rotaryeclub4652.org.br\/site\/wp-json\/wp\/v2\/pages\/455\/revisions"}],"predecessor-version":[{"id":460,"href":"https:\/\/www.rotaryeclub4652.org.br\/site\/wp-json\/wp\/v2\/pages\/455\/revisions\/460"}],"wp:attachment":[{"href":"https:\/\/www.rotaryeclub4652.org.br\/site\/wp-json\/wp\/v2\/media?parent=455"}],"curies":[{"name":"wp","href":"https:\/\/api.w.org\/{rel}","templated":true}]}}